{"version":"1.0","provider_name":"Mairie de Villers-Allerand - Montchenot","provider_url":"https:\/\/www.villers-allerand.fr\/site","title":"Fleurissement 2014 - Mairie de Villers-Allerand - Montchenot","type":"rich","width":600,"height":338,"html":"<blockquote class=\"wp-embedded-content\" data-secret=\"DWLPWfgtRi\"><a href=\"https:\/\/www.villers-allerand.fr\/site\/fleurissement-2014\/\">Fleurissement 2014<\/a><\/blockquote><iframe sandbox=\"allow-scripts\" security=\"restricted\" src=\"https:\/\/www.villers-allerand.fr\/site\/fleurissement-2014\/embed\/#?secret=DWLPWfgtRi\" width=\"600\" height=\"338\" title=\"\u00ab\u00a0Fleurissement 2014\u00a0\u00bb &#8212; Mairie de Villers-Allerand - Montchenot\" data-secret=\"DWLPWfgtRi\" frameborder=\"0\" marginwidth=\"0\" marginheight=\"0\" scrolling=\"no\" class=\"wp-embedded-content\"><\/iframe><script type=\"text\/javascript\">\n\/* <![CDATA[ *\/\n\/*! This file is auto-generated *\/\n!function(d,l){\"use strict\";l.querySelector&&d.addEventListener&&\"undefined\"!=typeof URL&&(d.wp=d.wp||{},d.wp.receiveEmbedMessage||(d.wp.receiveEmbedMessage=function(e){var t=e.data;if((t||t.secret||t.message||t.value)&&!\/[^a-zA-Z0-9]\/.test(t.secret)){for(var s,r,n,a=l.querySelectorAll('iframe[data-secret=\"'+t.secret+'\"]'),o=l.querySelectorAll('blockquote[data-secret=\"'+t.secret+'\"]'),c=new RegExp(\"^https?:$\",\"i\"),i=0;i<o.length;i++)o[i].style.display=\"none\";for(i=0;i<a.length;i++)s=a[i],e.source===s.contentWindow&&(s.removeAttribute(\"style\"),\"height\"===t.message?(1e3<(r=parseInt(t.value,10))?r=1e3:~~r<200&&(r=200),s.height=r):\"link\"===t.message&&(r=new URL(s.getAttribute(\"src\")),n=new URL(t.value),c.test(n.protocol))&&n.host===r.host&&l.activeElement===s&&(d.top.location.href=t.value))}},d.addEventListener(\"message\",d.wp.receiveEmbedMessage,!1),l.addEventListener(\"DOMContentLoaded\",function(){for(var e,t,s=l.querySelectorAll(\"iframe.wp-embedded-content\"),r=0;r<s.length;r++)(t=(e=s[r]).getAttribute(\"data-secret\"))||(t=Math.random().toString(36).substring(2,12),e.src+=\"#?secret=\"+t,e.setAttribute(\"data-secret\",t)),e.contentWindow.postMessage({message:\"ready\",secret:t},\"*\")},!1)))}(window,document);\n\/* ]]> *\/\n<\/script>\n","thumbnail_url":"https:\/\/www.villers-allerand.fr\/site\/wp-content\/uploads\/2016\/09\/dsc00260-1024x768.jpg","thumbnail_width":1024,"thumbnail_height":768,"description":"C\u2019est effectivement sous un soleil superbe que 30 \u00e0 40 villageois b\u00e9n\u00e9voles se sont retrouv\u00e9s pour fleurir notre village \u2026 Une vraie r\u00e9ussite collective , pleine de bonne humeur et d\u2019une grande efficacit\u00e9 puisque l\u2019ensemble des jardin\u00e8res ont \u00e9t\u00e9 pos\u00e9es avant la fin de la matin\u00e9e \u2026 Merci \u00e0 tous pour cette belle et sympathique mobilisation [&hellip;]"}

C’est effectivement sous un soleil superbe que 30 à 40 villageois bénévoles se sont retrouvés pour fleurir notre village … Une vraie réussite collective , pleine de bonne humeur et d’une grande efficacité puisque l’ensemble des jardinères ont été posées avant la fin de la matinée … Merci à tous pour cette belle et sympathique mobilisation [&hellip;]
