{"version":"1.0","provider_name":"Mairie de Villers-Allerand - Montchenot","provider_url":"https:\/\/www.villers-allerand.fr\/site","title":"Retour sur....Villages et C\u00f4teaux propres 2019 - Mairie de Villers-Allerand - Montchenot","type":"rich","width":600,"height":338,"html":"<blockquote class=\"wp-embedded-content\" data-secret=\"201V67dIns\"><a href=\"https:\/\/www.villers-allerand.fr\/site\/retour-sur-villages-et-coteaux-propres-2019\/\">Retour sur&#8230;.Villages et C\u00f4teaux propres 2019<\/a><\/blockquote><iframe sandbox=\"allow-scripts\" security=\"restricted\" src=\"https:\/\/www.villers-allerand.fr\/site\/retour-sur-villages-et-coteaux-propres-2019\/embed\/#?secret=201V67dIns\" width=\"600\" height=\"338\" title=\"\u00ab\u00a0Retour sur&#8230;.Villages et C\u00f4teaux propres 2019\u00a0\u00bb &#8212; Mairie de Villers-Allerand - Montchenot\" data-secret=\"201V67dIns\" frameborder=\"0\" marginwidth=\"0\" marginheight=\"0\" scrolling=\"no\" class=\"wp-embedded-content\"><\/iframe><script type=\"text\/javascript\">\n\/* <![CDATA[ *\/\n\/*! This file is auto-generated *\/\n!function(d,l){\"use strict\";l.querySelector&&d.addEventListener&&\"undefined\"!=typeof URL&&(d.wp=d.wp||{},d.wp.receiveEmbedMessage||(d.wp.receiveEmbedMessage=function(e){var t=e.data;if((t||t.secret||t.message||t.value)&&!\/[^a-zA-Z0-9]\/.test(t.secret)){for(var s,r,n,a=l.querySelectorAll('iframe[data-secret=\"'+t.secret+'\"]'),o=l.querySelectorAll('blockquote[data-secret=\"'+t.secret+'\"]'),c=new RegExp(\"^https?:$\",\"i\"),i=0;i<o.length;i++)o[i].style.display=\"none\";for(i=0;i<a.length;i++)s=a[i],e.source===s.contentWindow&&(s.removeAttribute(\"style\"),\"height\"===t.message?(1e3<(r=parseInt(t.value,10))?r=1e3:~~r<200&&(r=200),s.height=r):\"link\"===t.message&&(r=new URL(s.getAttribute(\"src\")),n=new URL(t.value),c.test(n.protocol))&&n.host===r.host&&l.activeElement===s&&(d.top.location.href=t.value))}},d.addEventListener(\"message\",d.wp.receiveEmbedMessage,!1),l.addEventListener(\"DOMContentLoaded\",function(){for(var e,t,s=l.querySelectorAll(\"iframe.wp-embedded-content\"),r=0;r<s.length;r++)(t=(e=s[r]).getAttribute(\"data-secret\"))||(t=Math.random().toString(36).substring(2,12),e.src+=\"#?secret=\"+t,e.setAttribute(\"data-secret\",t)),e.contentWindow.postMessage({message:\"ready\",secret:t},\"*\")},!1)))}(window,document);\n\/* ]]> *\/\n<\/script>\n","thumbnail_url":"https:\/\/www.villers-allerand.fr\/site\/wp-content\/uploads\/2019\/09\/AfficheA3_CoteauxPropres_2019_sans-fond.jpg","thumbnail_width":1519,"thumbnail_height":1317,"description":"Le Samedi 5 octobre 2019, notre commune de Villers-Allerand Montchenot participait pour la premi\u00e8re fois \u00e0 l&rsquo;op\u00e9ration \u00ab\u00a0Villages et Coteaux Propres\u00a0\u00bb, journ\u00e9e de nettoyage des coteaux et villages viticoles champenois. L\u2019inscription sur la Liste du patrimoine mondial de l\u2019UNESCO des Coteaux, Maisons et Caves de Champagne est une belle opportunit\u00e9 d\u2019unir toute la Champagne viticole autour [&hellip;]"}

Retour sur....Villages et Côteaux propres 2019 - Mairie de Villers-Allerand - Montchenot

<blockquote class="wp-embedded-content" data-secret="201V67dIns"><a href="https://www.villers-allerand.fr/site/retour-sur-villages-et-coteaux-propres-2019/">Retour sur&#8230;.Villages et Côteaux propres 2019</a></blockquote><iframe sandbox="allow-scripts" security="restricted" src="https://www.villers-allerand.fr/site/retour-sur-villages-et-coteaux-propres-2019/embed/#?secret=201V67dIns" width="600" height="338" title="« Retour sur&#8230;.Villages et Côteaux propres 2019 » &#8212; Mairie de Villers-Allerand - Montchenot" data-secret="201V67dIns" frameborder="0" marginwidth="0" marginheight="0" scrolling="no" class="wp-embedded-content"></iframe><script type="text/javascript">
/* <![CDATA[ */
/*! This file is auto-generated */
!function(d,l){"use strict";l.querySelector&&d.addEventListener&&"undefined"!=typeof URL&&(d.wp=d.wp||{},d.wp.receiveEmbedMessage||(d.wp.receiveEmbedMessage=function(e){var t=e.data;if((t||t.secret||t.message||t.value)&&!/[^a-zA-Z0-9]/.test(t.secret)){for(var s,r,n,a=l.querySelectorAll('iframe[data-secret="'+t.secret+'"]'),o=l.querySelectorAll('blockquote[data-secret="'+t.secret+'"]'),c=new RegExp("^https?:$","i"),i=0;i<o.length;i++)o[i].style.display="none";for(i=0;i<a.length;i++)s=a[i],e.source===s.contentWindow&&(s.removeAttribute("style"),"height"===t.message?(1e3<(r=parseInt(t.value,10))?r=1e3:~~r<200&&(r=200),s.height=r):"link"===t.message&&(r=new URL(s.getAttribute("src")),n=new URL(t.value),c.test(n.protocol))&&n.host===r.host&&l.activeElement===s&&(d.top.location.href=t.value))}},d.addEventListener("message",d.wp.receiveEmbedMessage,!1),l.addEventListener("DOMContentLoaded",function(){for(var e,t,s=l.querySelectorAll("iframe.wp-embedded-content"),r=0;r<s.length;r++)(t=(e=s[r]).getAttribute("data-secret"))||(t=Math.random().toString(36).substring(2,12),e.src+="#?secret="+t,e.setAttribute("data-secret",t)),e.contentWindow.postMessage({message:"ready",secret:t},"*")},!1)))}(window,document);
/* ]]> */
</script>

Le Samedi 5 octobre 2019, notre commune de Villers-Allerand Montchenot participait pour la première fois à l&rsquo;opération « Villages et Coteaux Propres », journée de nettoyage des coteaux et villages viticoles champenois. L’inscription sur la Liste du patrimoine mondial de l’UNESCO des Coteaux, Maisons et Caves de Champagne est une belle opportunité d’unir toute la Champagne viticole autour [&hellip;]
