{"version":"1.0","provider_name":"Mairie de Villers-Allerand - Montchenot","provider_url":"https:\/\/www.villers-allerand.fr\/site","title":"Villages et Coteaux Propres 2020 - Mairie de Villers-Allerand - Montchenot","type":"rich","width":600,"height":338,"html":"<blockquote class=\"wp-embedded-content\" data-secret=\"T25Dq0zfww\"><a href=\"https:\/\/www.villers-allerand.fr\/site\/villages-et-coteaux-propres-2020\/\">Villages et Coteaux Propres 2020<\/a><\/blockquote><iframe sandbox=\"allow-scripts\" security=\"restricted\" src=\"https:\/\/www.villers-allerand.fr\/site\/villages-et-coteaux-propres-2020\/embed\/#?secret=T25Dq0zfww\" width=\"600\" height=\"338\" title=\"\u00ab\u00a0Villages et Coteaux Propres 2020\u00a0\u00bb &#8212; Mairie de Villers-Allerand - Montchenot\" data-secret=\"T25Dq0zfww\" frameborder=\"0\" marginwidth=\"0\" marginheight=\"0\" scrolling=\"no\" class=\"wp-embedded-content\"><\/iframe><script type=\"text\/javascript\">\n\/* <![CDATA[ *\/\n\/*! This file is auto-generated *\/\n!function(d,l){\"use strict\";l.querySelector&&d.addEventListener&&\"undefined\"!=typeof URL&&(d.wp=d.wp||{},d.wp.receiveEmbedMessage||(d.wp.receiveEmbedMessage=function(e){var t=e.data;if((t||t.secret||t.message||t.value)&&!\/[^a-zA-Z0-9]\/.test(t.secret)){for(var s,r,n,a=l.querySelectorAll('iframe[data-secret=\"'+t.secret+'\"]'),o=l.querySelectorAll('blockquote[data-secret=\"'+t.secret+'\"]'),c=new RegExp(\"^https?:$\",\"i\"),i=0;i<o.length;i++)o[i].style.display=\"none\";for(i=0;i<a.length;i++)s=a[i],e.source===s.contentWindow&&(s.removeAttribute(\"style\"),\"height\"===t.message?(1e3<(r=parseInt(t.value,10))?r=1e3:~~r<200&&(r=200),s.height=r):\"link\"===t.message&&(r=new URL(s.getAttribute(\"src\")),n=new URL(t.value),c.test(n.protocol))&&n.host===r.host&&l.activeElement===s&&(d.top.location.href=t.value))}},d.addEventListener(\"message\",d.wp.receiveEmbedMessage,!1),l.addEventListener(\"DOMContentLoaded\",function(){for(var e,t,s=l.querySelectorAll(\"iframe.wp-embedded-content\"),r=0;r<s.length;r++)(t=(e=s[r]).getAttribute(\"data-secret\"))||(t=Math.random().toString(36).substring(2,12),e.src+=\"#?secret=\"+t,e.setAttribute(\"data-secret\",t)),e.contentWindow.postMessage({message:\"ready\",secret:t},\"*\")},!1)))}(window,document);\n\/* ]]> *\/\n<\/script>\n","thumbnail_url":"https:\/\/www.villers-allerand.fr\/site\/wp-content\/uploads\/2020\/09\/Villages-et-coteaux-propres-2020-e1600151080698.png","thumbnail_width":964,"thumbnail_height":915,"description":"Plus d\u2019une vingtaine de b\u00e9n\u00e9voles, de tous \u00e2ges, ont particip\u00e9 ce samedi matin \u00e0 la collecte d\u2019ordures et d\u00e9tritus sur le territoire de la commune de Villers Allerand Montchenot, dans le cadre de l\u2019op\u00e9ration: \u201cVillages et Coteaux Propres\u201c organis\u00e9e par la Mission Unesco : Coteaux, Maisons et Caves de Champagne. Cette op\u00e9ration a \u00e9t\u00e9 lanc\u00e9e en [&hellip;]"}

Plus d’une vingtaine de bénévoles, de tous âges, ont participé ce samedi matin à la collecte d’ordures et détritus sur le territoire de la commune de Villers Allerand Montchenot, dans le cadre de l’opération: “Villages et Coteaux Propres“ organisée par la Mission Unesco : Coteaux, Maisons et Caves de Champagne. Cette opération a été lancée en [&hellip;]
