{"id":11801,"date":"2016-09-15T17:44:26","date_gmt":"2016-09-15T15:44:26","guid":{"rendered":"http:\/\/www.villers-allerand.fr\/site\/?page_id=11801"},"modified":"2026-03-17T10:18:24","modified_gmt":"2026-03-17T09:18:24","slug":"accueil-2","status":"publish","type":"page","link":"https:\/\/www.villers-allerand.fr\/site\/","title":{"rendered":"Accueil"},"content":{"rendered":"<p><div class=\"fusion-fullwidth fullwidth-box nonhundred-percent-fullwidth non-hundred-percent-height-scrolling\"  style='background-color: transparent;background-position: left top;background-repeat: no-repeat;padding-top:2%;padding-right:0%;padding-bottom:2%;padding-left:0%;border-top-width:0px;border-bottom-width:0px;border-color:#eae9e9;border-top-style:solid;border-bottom-style:solid;'><div class=\"fusion-builder-row fusion-row \"><div  class=\"fusion-layout-column fusion_builder_column fusion_builder_column_1_1 fusion-builder-column-1 fusion-one-full fusion-column-first fusion-column-last fusion-column-no-min-height 1_1\"  style='margin-top:0px;margin-bottom:0px;'>\n\t\t\t\t\t<div class=\"fusion-column-wrapper\" style=\"padding: 0px 0px 0px 0px;background-position:left top;background-repeat:no-repeat;-webkit-background-size:cover;-moz-background-size:cover;-o-background-size:cover;background-size:cover;\"   data-bg-url=\"\">\n\t\t\t\t\t\t<div class=\"fusion-title title fusion-title-1 sep-underline sep-solid fusion-title-center fusion-title-size-two bordeaux\" style=\"border-bottom-color:#e0dede;margin-top:0px;margin-bottom:30px;\"><h2 class=\"title-heading-center\" style=\"margin:0;\">LES NEWS<\/h2><\/div><div class=\"fusion-sep-clear\"><\/div><div class=\"fusion-separator fusion-full-width-sep sep-none\" style=\"margin-left: auto;margin-right: auto;margin-top:2%;margin-bottom:2%;\"><\/div><div class=\"fusion-clearfix\"><\/div>\n\n\t\t\t\t\t<\/div>\n\t\t\t\t<\/div><\/div><\/div><div class=\"fusion-fullwidth fullwidth-box hundred-percent-fullwidth non-hundred-percent-height-scrolling fusion-equal-height-columns\"  style='background-color: #ffffff;background-position: left top;background-repeat: no-repeat;padding-top:20px;padding-right:0px;padding-bottom:20px;padding-left:0px;border-top-width:0px;border-bottom-width:0px;border-color:#eae9e9;border-top-style:solid;border-bottom-style:solid;'><div class=\"fusion-builder-row fusion-row \"><div id=\"minheight\" class=\"fusion-layout-column fusion_builder_column fusion_builder_column_1_1 fusion-builder-column-2 fusion-one-full fusion-column-first fusion-column-last 1_1\"  style='margin-top:0px;margin-bottom:20px;'>\n\t\t\t\t\t<div class=\"fusion-column-wrapper\" style=\"padding: 0px 0px 0px 0px;background-position:left top;background-repeat:no-repeat;-webkit-background-size:cover;-moz-background-size:cover;-o-background-size:cover;background-size:cover;\"   data-bg-url=\"\">\n\t\t\t\t\t\t<div class=\"fusion-column-content-centered\"><div class=\"fusion-column-content\"><div class=\"fusion-recent-posts fusion-recent-posts-1 avada-container layout-thumbnails-on-side layout-columns-3\"><section class=\"fusion-columns columns fusion-columns-3 columns-3\"><article class=\"post fusion-column column col col-lg-4 col-md-4 col-sm-4 fusion-animated\" data-animationType=\"fadeInDown\" data-animationDuration=\"0.1\" data-animationOffset=\"100%\"><div class=\"fusion-flexslider flexslider floated-slideshow flexslider-hover-type-none\"><ul class=\"slides\"><li><a href=\"https:\/\/www.villers-allerand.fr\/site\/vide-grenier\/\" class=\"hover-type-none\" aria-label=\"Vide-Grenier\"><img loading=\"lazy\" decoding=\"async\" width=\"177\" height=\"142\" src=\"https:\/\/www.villers-allerand.fr\/site\/wp-content\/uploads\/2026\/04\/image0-e1777392747304-177x142.jpeg\" class=\"attachment-portfolio-five size-portfolio-five\" alt=\"vide grenier\" \/><\/a><\/li><\/ul><\/div><div class=\"recent-posts-content\"><span class=\"vcard\" style=\"display: none;\"><span class=\"fn\"><a href=\"https:\/\/www.villers-allerand.fr\/site\/author\/webmaster\/\" title=\"Articles par webmaster\" rel=\"author\">webmaster<\/a><\/span><\/span><span class=\"updated\" style=\"display:none;\">2026-04-28T18:12:37+02:00<\/span><h4 class=\"entry-title\"><a href=\"https:\/\/www.villers-allerand.fr\/site\/vide-grenier\/\">Vide-Grenier<\/a><\/h4><p class=\"meta\"><span class=\"vcard\" style=\"display: none;\"><span class=\"fn\"><a href=\"https:\/\/www.villers-allerand.fr\/site\/author\/webmaster\/\" title=\"Articles par webmaster\" rel=\"author\">webmaster<\/a><\/span><\/span><span class=\"updated\" style=\"display:none;\">2026-04-28T18:12:37+02:00<\/span><span>28 avril 2026<\/span><span class=\"fusion-inline-sep\">|<\/span><span class=\"fusion-comments\"><span>Commentaires ferm\u00e9s<span class=\"screen-reader-text\"> sur Vide-Grenier<\/span><\/span><\/span><\/p><p>Dimanche 7 Juin - de 15h \u00e0 21h - Place des d\u00e9port\u00e9s Organis\u00e9 par le Foyer des Jeunes - inscriptions exclusivement r\u00e9serv\u00e9es aux habitants de Villers-Allerand Montchenot Renseignements et inscriptions par mail : brocante.vam@gmail.com La m\u00eame journ\u00e9e, retrouvez \u00e9galement un [...]<\/p><\/div><\/article><article class=\"post fusion-column column col col-lg-4 col-md-4 col-sm-4 fusion-animated\" data-animationType=\"fadeInDown\" data-animationDuration=\"0.1\" data-animationOffset=\"100%\"><div class=\"fusion-flexslider flexslider floated-slideshow flexslider-hover-type-none\"><ul class=\"slides\"><li><a href=\"https:\/\/www.villers-allerand.fr\/site\/report-de-collecte\/\" class=\"hover-type-none\" aria-label=\"Report de collecte\"><img loading=\"lazy\" decoding=\"async\" width=\"177\" height=\"142\" src=\"https:\/\/www.villers-allerand.fr\/site\/wp-content\/uploads\/2026\/04\/Capture-decran-2026-04-28-a-14.51.32-177x142.png\" class=\"attachment-portfolio-five size-portfolio-five\" alt=\"d\u00e9chets grand reims\" srcset=\"https:\/\/www.villers-allerand.fr\/site\/wp-content\/uploads\/2026\/04\/Capture-decran-2026-04-28-a-14.51.32-177x142.png 177w, https:\/\/www.villers-allerand.fr\/site\/wp-content\/uploads\/2026\/04\/Capture-decran-2026-04-28-a-14.51.32-268x214.png 268w\" sizes=\"auto, (max-width: 177px) 100vw, 177px\" \/><\/a><\/li><\/ul><\/div><div class=\"recent-posts-content\"><span class=\"vcard\" style=\"display: none;\"><span class=\"fn\"><a href=\"https:\/\/www.villers-allerand.fr\/site\/author\/webmaster\/\" title=\"Articles par webmaster\" rel=\"author\">webmaster<\/a><\/span><\/span><span class=\"updated\" style=\"display:none;\">2026-04-28T14:57:06+02:00<\/span><h4 class=\"entry-title\"><a href=\"https:\/\/www.villers-allerand.fr\/site\/report-de-collecte\/\">Report de collecte<\/a><\/h4><p class=\"meta\"><span class=\"vcard\" style=\"display: none;\"><span class=\"fn\"><a href=\"https:\/\/www.villers-allerand.fr\/site\/author\/webmaster\/\" title=\"Articles par webmaster\" rel=\"author\">webmaster<\/a><\/span><\/span><span class=\"updated\" style=\"display:none;\">2026-04-28T14:57:06+02:00<\/span><span>28 avril 2026<\/span><span class=\"fusion-inline-sep\">|<\/span><span class=\"fusion-comments\"><span>Commentaires ferm\u00e9s<span class=\"screen-reader-text\"> sur Report de collecte<\/span><\/span><\/span><\/p><p>Vendredi 1er mai, la collecte du tri des bacs jaunes ne sera pas assur\u00e9e. Elle est report\u00e9e au samedi 2 mai, aux m\u00eames horaires, Merci de sortir les bacs la veille au soir comme habituellement. Toutes les d\u00e9chetteries du Grand [...]<\/p><\/div><\/article><article class=\"post fusion-column column col col-lg-4 col-md-4 col-sm-4 fusion-animated\" data-animationType=\"fadeInDown\" data-animationDuration=\"0.1\" data-animationOffset=\"100%\"><div class=\"fusion-flexslider flexslider floated-slideshow flexslider-hover-type-none\"><ul class=\"slides\"><li><a href=\"https:\/\/www.villers-allerand.fr\/site\/inscriptions-scolaires\/\" class=\"hover-type-none\" aria-label=\"Inscriptions scolaires\"><img loading=\"lazy\" decoding=\"async\" width=\"177\" height=\"142\" src=\"https:\/\/www.villers-allerand.fr\/site\/wp-content\/uploads\/2026\/03\/Capture-decran-2026-03-20-a-11.17.40-177x142.png\" class=\"attachment-portfolio-five size-portfolio-five\" alt=\"\" \/><\/a><\/li><\/ul><\/div><div class=\"recent-posts-content\"><span class=\"vcard\" style=\"display: none;\"><span class=\"fn\"><a href=\"https:\/\/www.villers-allerand.fr\/site\/author\/webmaster\/\" title=\"Articles par webmaster\" rel=\"author\">webmaster<\/a><\/span><\/span><span class=\"updated\" style=\"display:none;\">2026-03-20T11:19:02+01:00<\/span><h4 class=\"entry-title\"><a href=\"https:\/\/www.villers-allerand.fr\/site\/inscriptions-scolaires\/\">Inscriptions scolaires<\/a><\/h4><p class=\"meta\"><span class=\"vcard\" style=\"display: none;\"><span class=\"fn\"><a href=\"https:\/\/www.villers-allerand.fr\/site\/author\/webmaster\/\" title=\"Articles par webmaster\" rel=\"author\">webmaster<\/a><\/span><\/span><span class=\"updated\" style=\"display:none;\">2026-03-20T11:19:02+01:00<\/span><span>20 mars 2026<\/span><span class=\"fusion-inline-sep\">|<\/span><span class=\"fusion-comments\"><span>Commentaires ferm\u00e9s<span class=\"screen-reader-text\"> sur Inscriptions scolaires<\/span><\/span><\/span><\/p><p>Les inscriptions pour notre \u00e9cole maternelle Roger Garitan pour la prochaine rentr\u00e9e scolaire 2025-2026\u00a0 seront possibles \u00e0 partir du Lundi 23 Mars 2026, pour les enfants n\u00e9s en 2023. Remplissez la\u00a0 Fiche d'inscription scolaire 2026-27\u00a0et d\u00e9posez la en Mairie avec [...]<\/p><\/div><\/article><article class=\"post fusion-column column col col-lg-4 col-md-4 col-sm-4 fusion-animated\" data-animationType=\"fadeInDown\" data-animationDuration=\"0.1\" data-animationOffset=\"100%\"><div class=\"fusion-flexslider flexslider floated-slideshow flexslider-hover-type-none\"><ul class=\"slides\"><li><a href=\"https:\/\/www.villers-allerand.fr\/site\/panneau-pocket\/\" class=\"hover-type-none\" aria-label=\"Panneau Pocket\"><img loading=\"lazy\" decoding=\"async\" width=\"177\" height=\"142\" src=\"https:\/\/www.villers-allerand.fr\/site\/wp-content\/uploads\/2024\/05\/A4-PanneauPocket-e1715779236558-177x142.png\" class=\"attachment-portfolio-five size-portfolio-five\" alt=\"\" \/><\/a><\/li><\/ul><\/div><div class=\"recent-posts-content\"><span class=\"vcard\" style=\"display: none;\"><span class=\"fn\"><a href=\"https:\/\/www.villers-allerand.fr\/site\/author\/webmaster\/\" title=\"Articles par webmaster\" rel=\"author\">webmaster<\/a><\/span><\/span><span class=\"updated\" style=\"display:none;\">2026-01-14T09:52:07+01:00<\/span><h4 class=\"entry-title\"><a href=\"https:\/\/www.villers-allerand.fr\/site\/panneau-pocket\/\">Panneau Pocket<\/a><\/h4><p class=\"meta\"><span class=\"vcard\" style=\"display: none;\"><span class=\"fn\"><a href=\"https:\/\/www.villers-allerand.fr\/site\/author\/webmaster\/\" title=\"Articles par webmaster\" rel=\"author\">webmaster<\/a><\/span><\/span><span class=\"updated\" style=\"display:none;\">2026-01-14T09:52:07+01:00<\/span><span>14 janvier 2026<\/span><span class=\"fusion-inline-sep\">|<\/span><span class=\"fusion-comments\"><span>Commentaires ferm\u00e9s<span class=\"screen-reader-text\"> sur Panneau Pocket<\/span><\/span><\/span><\/p><p>Consultez les informations communales sur votre smartphone en installez l'application Panneau Pocket ! Vous y retrouverez les derni\u00e8res actualit\u00e9s, mais aussi les horaires du secr\u00e9tariat de Mairie, l'organisation de la collecte des d\u00e9chets, le calendrier de chasse, les commerces, les [...]<\/p><\/div><\/article><article class=\"post fusion-column column col col-lg-4 col-md-4 col-sm-4 fusion-animated\" data-animationType=\"fadeInDown\" data-animationDuration=\"0.1\" data-animationOffset=\"100%\"><div class=\"fusion-flexslider flexslider floated-slideshow flexslider-hover-type-none\"><ul class=\"slides\"><li><a href=\"https:\/\/www.villers-allerand.fr\/site\/entretien-des-trottoirs\/\" class=\"hover-type-none\" aria-label=\"Entretien des trottoirs\"><img loading=\"lazy\" decoding=\"async\" width=\"177\" height=\"142\" src=\"https:\/\/www.villers-allerand.fr\/site\/wp-content\/uploads\/2022\/11\/weather-gff75bdfa2_640-177x142.jpg\" class=\"attachment-portfolio-five size-portfolio-five\" alt=\"\" \/><\/a><\/li><\/ul><\/div><div class=\"recent-posts-content\"><span class=\"vcard\" style=\"display: none;\"><span class=\"fn\"><a href=\"https:\/\/www.villers-allerand.fr\/site\/author\/webmaster\/\" title=\"Articles par webmaster\" rel=\"author\">webmaster<\/a><\/span><\/span><span class=\"updated\" style=\"display:none;\">2026-01-14T09:53:03+01:00<\/span><h4 class=\"entry-title\"><a href=\"https:\/\/www.villers-allerand.fr\/site\/entretien-des-trottoirs\/\">Entretien des trottoirs<\/a><\/h4><p class=\"meta\"><span class=\"vcard\" style=\"display: none;\"><span class=\"fn\"><a href=\"https:\/\/www.villers-allerand.fr\/site\/author\/webmaster\/\" title=\"Articles par webmaster\" rel=\"author\">webmaster<\/a><\/span><\/span><span class=\"updated\" style=\"display:none;\">2026-01-14T09:53:03+01:00<\/span><span>2 janvier 2026<\/span><span class=\"fusion-inline-sep\">|<\/span><span class=\"fusion-comments\"><span>Commentaires ferm\u00e9s<span class=\"screen-reader-text\"> sur Entretien des trottoirs<\/span><\/span><\/span><\/p><p>Parce qu'il est toujours bon de le rappeler, par arr\u00eat\u00e9 municipal, l'entretien des trottoirs est de la responsabilit\u00e9 de son repr\u00e9sentant, qu'il en soit propri\u00e9taire ou locataire, et ce en toute saison. Le non entretien de votre trottoir peut donc [...]<\/p><\/div><\/article><article class=\"post fusion-column column col col-lg-4 col-md-4 col-sm-4 fusion-animated\" data-animationType=\"fadeInDown\" data-animationDuration=\"0.1\" data-animationOffset=\"100%\"><div class=\"fusion-flexslider flexslider floated-slideshow flexslider-hover-type-none\"><ul class=\"slides\"><li><a href=\"https:\/\/www.villers-allerand.fr\/site\/zone-30\/\" class=\"hover-type-none\" aria-label=\"Zone 30\"><img loading=\"lazy\" decoding=\"async\" width=\"177\" height=\"142\" src=\"https:\/\/www.villers-allerand.fr\/site\/wp-content\/uploads\/2025\/09\/panneau-zone-circulation-entree-d-une-zone-a-vitesse-limitee-a-30-km-h-b30-177x142.jpg\" class=\"attachment-portfolio-five size-portfolio-five\" alt=\"\" \/><\/a><\/li><\/ul><\/div><div class=\"recent-posts-content\"><span class=\"vcard\" style=\"display: none;\"><span class=\"fn\"><a href=\"https:\/\/www.villers-allerand.fr\/site\/author\/webmaster\/\" title=\"Articles par webmaster\" rel=\"author\">webmaster<\/a><\/span><\/span><span class=\"updated\" style=\"display:none;\">2025-09-16T09:53:59+02:00<\/span><h4 class=\"entry-title\"><a href=\"https:\/\/www.villers-allerand.fr\/site\/zone-30\/\">Zone 30<\/a><\/h4><p class=\"meta\"><span class=\"vcard\" style=\"display: none;\"><span class=\"fn\"><a href=\"https:\/\/www.villers-allerand.fr\/site\/author\/webmaster\/\" title=\"Articles par webmaster\" rel=\"author\">webmaster<\/a><\/span><\/span><span class=\"updated\" style=\"display:none;\">2025-09-16T09:53:59+02:00<\/span><span>12 septembre 2025<\/span><span class=\"fusion-inline-sep\">|<\/span><span class=\"fusion-comments\"><span>Commentaires ferm\u00e9s<span class=\"screen-reader-text\"> sur Zone 30<\/span><\/span><\/span><\/p><p>Par arr\u00eat\u00e9 municipal permanent en date du 12 septembre 2025, et pour des raisons \u00e9videntes de s\u00e9curit\u00e9 routi\u00e8re, \u00a0la vitesse de circulation des v\u00e9hicules est d\u00e9sormais limit\u00e9e \u00e0 30km\/h sur l'ensemble de la commune de Villers-Allerand, de panneaux d'entr\u00e9e de [...]<\/p><\/div><\/article><\/section><\/div><\/div><\/div><div class=\"fusion-clearfix\"><\/div>\n\n\t\t\t\t\t<\/div>\n\t\t\t\t<\/div><\/div><\/div><\/p>\n","protected":false},"excerpt":{"rendered":"","protected":false},"author":1,"featured_media":0,"parent":0,"menu_order":0,"comment_status":"closed","ping_status":"closed","template":"","meta":{"footnotes":""},"class_list":["post-11801","page","type-page","status-publish","hentry"],"yoast_head":"<!-- This site is optimized with the Yoast SEO plugin v26.8 - https:\/\/yoast.com\/product\/yoast-seo-wordpress\/ -->\n<title>Accueil - Mairie de Villers-Allerand - Montchenot<\/title>\n<meta name=\"robots\" content=\"index, follow, max-snippet:-1, max-image-preview:large, max-video-preview:-1\" \/>\n<link rel=\"canonical\" href=\"https:\/\/www.villers-allerand.fr\/site\/\" \/>\n<meta property=\"og:locale\" content=\"fr_FR\" \/>\n<meta property=\"og:type\" content=\"article\" \/>\n<meta property=\"og:title\" content=\"Accueil - Mairie de Villers-Allerand - Montchenot\" \/>\n<meta property=\"og:url\" content=\"https:\/\/www.villers-allerand.fr\/site\/\" \/>\n<meta property=\"og:site_name\" content=\"Mairie de Villers-Allerand - Montchenot\" \/>\n<meta property=\"article:modified_time\" content=\"2026-03-17T09:18:24+00:00\" \/>\n<meta name=\"twitter:card\" content=\"summary_large_image\" \/>\n<meta name=\"twitter:label1\" content=\"Dur\u00e9e de lecture estim\u00e9e\" \/>\n\t<meta name=\"twitter:data1\" content=\"1 minute\" \/>\n<script type=\"application\/ld+json\" class=\"yoast-schema-graph\">{\"@context\":\"https:\/\/schema.org\",\"@graph\":[{\"@type\":\"WebPage\",\"@id\":\"https:\/\/www.villers-allerand.fr\/site\/\",\"url\":\"https:\/\/www.villers-allerand.fr\/site\/\",\"name\":\"Accueil - Mairie de Villers-Allerand - Montchenot\",\"isPartOf\":{\"@id\":\"https:\/\/www.villers-allerand.fr\/site\/#website\"},\"datePublished\":\"2016-09-15T15:44:26+00:00\",\"dateModified\":\"2026-03-17T09:18:24+00:00\",\"breadcrumb\":{\"@id\":\"https:\/\/www.villers-allerand.fr\/site\/#breadcrumb\"},\"inLanguage\":\"fr-FR\",\"potentialAction\":[{\"@type\":\"ReadAction\",\"target\":[\"https:\/\/www.villers-allerand.fr\/site\/\"]}]},{\"@type\":\"BreadcrumbList\",\"@id\":\"https:\/\/www.villers-allerand.fr\/site\/#breadcrumb\",\"itemListElement\":[{\"@type\":\"ListItem\",\"position\":1,\"name\":\"Accueil\",\"item\":\"https:\/\/www.villers-allerand.fr\/site\/\"},{\"@type\":\"ListItem\",\"position\":2,\"name\":\"Accueil\"}]},{\"@type\":\"WebSite\",\"@id\":\"https:\/\/www.villers-allerand.fr\/site\/#website\",\"url\":\"https:\/\/www.villers-allerand.fr\/site\/\",\"name\":\"Mairie de Villers-Allerand - Montchenot\",\"description\":\"Site Officiel de la Mairie\",\"potentialAction\":[{\"@type\":\"SearchAction\",\"target\":{\"@type\":\"EntryPoint\",\"urlTemplate\":\"https:\/\/www.villers-allerand.fr\/site\/?s={search_term_string}\"},\"query-input\":{\"@type\":\"PropertyValueSpecification\",\"valueRequired\":true,\"valueName\":\"search_term_string\"}}],\"inLanguage\":\"fr-FR\"}]}<\/script>\n<!-- \/ Yoast SEO plugin. -->","yoast_head_json":{"title":"Accueil - Mairie de Villers-Allerand - Montchenot","robots":{"index":"index","follow":"follow","max-snippet":"max-snippet:-1","max-image-preview":"max-image-preview:large","max-video-preview":"max-video-preview:-1"},"canonical":"https:\/\/www.villers-allerand.fr\/site\/","og_locale":"fr_FR","og_type":"article","og_title":"Accueil - Mairie de Villers-Allerand - Montchenot","og_url":"https:\/\/www.villers-allerand.fr\/site\/","og_site_name":"Mairie de Villers-Allerand - Montchenot","article_modified_time":"2026-03-17T09:18:24+00:00","twitter_card":"summary_large_image","twitter_misc":{"Dur\u00e9e de lecture estim\u00e9e":"1 minute"},"schema":{"@context":"https:\/\/schema.org","@graph":[{"@type":"WebPage","@id":"https:\/\/www.villers-allerand.fr\/site\/","url":"https:\/\/www.villers-allerand.fr\/site\/","name":"Accueil - Mairie de Villers-Allerand - Montchenot","isPartOf":{"@id":"https:\/\/www.villers-allerand.fr\/site\/#website"},"datePublished":"2016-09-15T15:44:26+00:00","dateModified":"2026-03-17T09:18:24+00:00","breadcrumb":{"@id":"https:\/\/www.villers-allerand.fr\/site\/#breadcrumb"},"inLanguage":"fr-FR","potentialAction":[{"@type":"ReadAction","target":["https:\/\/www.villers-allerand.fr\/site\/"]}]},{"@type":"BreadcrumbList","@id":"https:\/\/www.villers-allerand.fr\/site\/#breadcrumb","itemListElement":[{"@type":"ListItem","position":1,"name":"Accueil","item":"https:\/\/www.villers-allerand.fr\/site\/"},{"@type":"ListItem","position":2,"name":"Accueil"}]},{"@type":"WebSite","@id":"https:\/\/www.villers-allerand.fr\/site\/#website","url":"https:\/\/www.villers-allerand.fr\/site\/","name":"Mairie de Villers-Allerand - Montchenot","description":"Site Officiel de la Mairie","potentialAction":[{"@type":"SearchAction","target":{"@type":"EntryPoint","urlTemplate":"https:\/\/www.villers-allerand.fr\/site\/?s={search_term_string}"},"query-input":{"@type":"PropertyValueSpecification","valueRequired":true,"valueName":"search_term_string"}}],"inLanguage":"fr-FR"}]}},"publishpress_future_action":{"enabled":false,"date":"2026-05-06 07:43:52","action":"change-status","newStatus":"draft","terms":[],"taxonomy":"","extraData":[]},"publishpress_future_workflow_manual_trigger":{"enabledWorkflows":[]},"_links":{"self":[{"href":"https:\/\/www.villers-allerand.fr\/site\/wp-json\/wp\/v2\/pages\/11801","targetHints":{"allow":["GET"]}}],"collection":[{"href":"https:\/\/www.villers-allerand.fr\/site\/wp-json\/wp\/v2\/pages"}],"about":[{"href":"https:\/\/www.villers-allerand.fr\/site\/wp-json\/wp\/v2\/types\/page"}],"author":[{"embeddable":true,"href":"https:\/\/www.villers-allerand.fr\/site\/wp-json\/wp\/v2\/users\/1"}],"replies":[{"embeddable":true,"href":"https:\/\/www.villers-allerand.fr\/site\/wp-json\/wp\/v2\/comments?post=11801"}],"version-history":[{"count":95,"href":"https:\/\/www.villers-allerand.fr\/site\/wp-json\/wp\/v2\/pages\/11801\/revisions"}],"predecessor-version":[{"id":16691,"href":"https:\/\/www.villers-allerand.fr\/site\/wp-json\/wp\/v2\/pages\/11801\/revisions\/16691"}],"wp:attachment":[{"href":"https:\/\/www.villers-allerand.fr\/site\/wp-json\/wp\/v2\/media?parent=11801"}],"curies":[{"name":"wp","href":"https:\/\/api.w.org\/{rel}","templated":true}]}}